.
475
Calculate the highest common divisor of 2745 and 1562820.
915
What is the highest common factor of 19 and 1260821?
19
What is the highest common divisor of 6154140 and 6?
6
Calculate the highest common factor of 539467 and 190.
19
Calculate the highest common divisor of 1589 and 3143.
7
Calculate the highest common factor of 586 and 74.
2
What is the greatest common factor of 656 and 43583?
41
What is the highest common factor of 30618 and 8262?
486
Calculate the highest common factor of 6279 and 506.
23
What is the highest common factor of 325446 and 1881?
33
Calculate the greatest common factor of 38637 and 306.
9
Calculate the greatest common factor of 171 and 4858281.
171
Calculate the highest common divisor of 1390 and 3055.
5
What is the greatest common divisor of 236555 and 2992?
187
What is the highest common factor of 15 and 381135?
15
Calculate the greatest common divisor of 46455 and 16137.
489
What is the highest common divisor of 42 and 3594?
6
Calculate the highest common divisor of 7200 and 6975.
225
Calculate the greatest common divisor of 10 and 474070.
10
Calculate the greatest common factor of 348 and 182613.
87
What is the highest common factor of 119 and 108783?
17
Calculate the highest common factor of 13427 and 4167.
463
What is the greatest common factor of 30544 and 69?
23
Calculate the highest common divisor of 18206354 and 34.
34
Calculate the greatest common factor of 60150 and 750.
150
Calculate the highest common divisor of 67186 and 42.
14
What is the highest common factor of 2197 and 247?
13
What is the greatest common divisor of 749364 and 44?
44
What is the greatest common factor of 11 and 108020?
11
Calculate the highest common divisor of 67334 and 13886.
262
Calculate the highest common factor of 396728 and 46864.
808
What is the greatest common factor of 946 and 30444?
86
What is the highest common factor of 11234 and 1640?
82
Calculate the highest common divisor of 335 and 584173.
67
What is the greatest common factor of 93044 and 3052?
28
Calculate the highest common factor of 103125 and 15.
15
Calculate the highest common factor of 339 and 17289.
339
Calculate the greatest common factor of 2645 and 94691.
529
Calculate the highest common divisor of 4930 and 2210.
170
What is the highest common factor of 1597228 and 6704?
1676
What is the highest common divisor of 655 and 40?
5
What is the greatest common factor of 68609 and 6555?
437
Calculate the highest common divisor of 4725 and 1593.
27
Calculate the greatest common divisor of 181127 and 19.
19
Calculate the greatest common factor of 1794 and 282624.
138
Calculate the greatest common divisor of 136 and 13226.
34
Calculate the greatest common divisor of 283390 and 391.
17
What is the highest common factor of 1520 and 1240?
40
Calculate the highest common factor of 562 and 275942.
562
What is the highest common factor of 50 and 21590?
10
Calculate the greatest common factor of 6435 and 45760.
715
What is the highest common factor of 11139 and 5687?
47
What is the highest common divisor of 592 and 14192?
16
What is the greatest common factor of 26550 and 16650?
450
What is the greatest common factor of 86 and 127366?
86
What is the highest common divisor of 182 and 7358?
26
What is the greatest common divisor of 128 and 556?
4
Calculate the highest common factor of 100327 and 328.
41
Calculate the greatest common factor of 704 and 7964.
44
Calculate the greatest common divisor of 2491 and 14681.
53
What is the highest common divisor of 2926924 and 308?
308
Calculate the greatest common divisor of 1623350 and 10.
10
What is the greatest common factor of 74240 and 42920?
1160
Calculate the highest common divisor of 945 and 164815.
35
Calculate the highest common divisor of 4841 and 282.
47
Calculate the highest common divisor of 168445 and 885.
295
What is the greatest common factor of 217558 and 5115?
341
Calculate the highest common divisor of 1350 and 19170.
270
Calculate the greatest common divisor of 175 and 24955.
35
Calculate the greatest common divisor of 7415 and 65.
5
Calculate the highest common divisor of 345 and 64215.
15
What is the highest common divisor of 21691 and 5373?
199
What is the greatest common factor of 123 and 813?
3
Calculate the greatest common divisor of 5860 and 420.
20
What is the greatest common divisor of 5169333 and 39?
39
Calculate the highest common divisor of 110 and 29447.
11
What is the greatest common divisor of 9261 and 388619?
343
What is the highest common factor of 88736 and 128?
32
Calculate the greatest common divisor of 2311 and 9.
1
Calculate the highest common divisor of 117 and 11479.
13
Calculate the highest common divisor of 2391752 and 352.
88
What is the highest common divisor of 6626257 and 473?
473
What is the highest common divisor of 11 and 462682?
11
What is the highest common divisor of 1264 and 24176?
16
What is the highest common divisor of 19685 and 3175?
635
Calculate the highest common factor of 323 and 470991.
19
Calculate the highest common divisor of 252420 and 280.
140
What is the highest common divisor of 21530 and 10?
10
Calculate the highest common divisor of 5376 and 2856.
168
Calculate the greatest common factor of 1503 and 1837.
167
What is the highest common divisor of 8834 and 112?
14
Calculate the highest common divisor of 136253 and 4277.
611
What is the highest common divisor of 464 and 508544?
464
Calculate the greatest common divisor of 22 and 300366.
22
Calculate the greatest common divisor of 510 and 186915.
255
Calculate the greatest common divisor of 528488 and 744.
248
Calculate the highest common factor of 2619 and 1593.
27
Calculate the highest common factor of 891109 and 277.
277
Calculate the greatest common divisor of 89736 and 60.
12
Calculate the greatest common divisor of 896 and 14272.
64
What is the highest common divisor of 12 and 3899964?
12
What is the greatest common divisor of 200 and 562880?
40
Calculate the greatest common factor of 3324 and 348.
12
What is the greatest common divisor of 136112 and 31132?
724
Calculate the greatest common factor of 3146 and 130.
26
Calculate the greatest common divisor of 9414 and 774.
18
What is the highest common divisor of 366349 and 218?
109
What is the highest common factor of 7895 and 2850?
5
Calculate the greatest common factor of 382182 and 72.
6
What is the highest common divisor of 2134 and 19756?
22
What is the highest common factor of 4296413 and 1342?
671
Calculate the greatest common divisor of 8515 and 80860.
65
What is the greatest common factor of 539452 and 785?
157
What is the highest common factor of 14 and 155666?
14
Calculate the highest common factor of 322 and 53406.
46
What is the highest common divisor of 885216 and 192?
96
What is the highest common divisor of 9531533 and 814?
407
What is the highest common factor of 52 and 159198?
26
Calculate the greatest common divisor of 18369 and 4511.
13
What is the highest common factor of 6968 and 375401?
871
Calculate the greatest common factor of 11676 and 26132.
556
Calculate the greatest common divisor of 316379 and 14.
7
What is the highest common factor of 6539 and 13273?
13
What is the highest common factor of 10957260 and 15?
15
Calculate the greatest common factor of 17873 and 4636.
61
Calculate the greatest common factor of 33457 and 95.
1
Calculate the highest common divisor of 357245 and 531.
59
What is the greatest common divisor of 222 and 41662?
74
What is the highest common divisor of 31818 and 636?
6
Calculate the greatest common divisor of 62 and 70029.
31
Calculate the highest common factor of 22240 and 48.
16
Calculate the highest common divisor of 758911 and 31.
31
What is the greatest common divisor of 1539291 and 5655?
1131
Calculate the highest common factor of 6 and 27858.
6
What is the highest common factor of 12657350 and 25?
25
What is the highest common divisor of 14560 and 864?
32
Calculate the highest common divisor of 38148 and 153.
51
Calculate the greatest common factor of 1014297 and 13368.
1671
What is the greatest common factor of 1053 and 3393?
117
Calculate the greatest common factor of 100879 and 18309.
359
What is the highest common divisor of 428978 and 3410?
682
What is the greatest common divisor 